 12*s + 18. Let j be 2 + -6 - (1 - 5) - 12. What is z(j)?
18
Let b(n) be the first derivative of -n**5/20 - n**4/2 - n**3 - n**2/2 - 30*n + 9. Let s(i) be the first derivative of b(i). What is s(-5)?
4
Let k(i) = 0*i + 0*i + 10*i**2 - 1 + 9*i**2 + 4*i - 16*i**2. What is k(-2)?
3
Let p(j) = -j**3 + 5*j**2 + 2*j - 4. Suppose -38*t - 32 = -46*t. Determine p(t).
20
Let c(m) = -2*m + 2. Let p(b) = b. Let j(g) = 2*c(g) + 6*p(g). Let f = 1092 + -1098. Calculate j(f).
-8
Let q(r) be the third derivative of r**6/180 - r**5/40 + r**4/12 + 5*r**3/3 + 24*r**2. Let g(t) be the first derivative of q(t). Calculate g(2).
4
Suppose -2*o - o = -6. Let l = 2 - o. Let m(i) = 17*i**2 + 12. Let k(y) = -8*y**2 + 1. Let b(h) = 2*k(h) + m(h). What is b(l)?
14
Let u(m) be the third derivative of m**5/20 + 38*m**2. What is u(1)?
3
Let z(u) = 4*u**2 + u + 1. Let c be 2 - 7/28*12. Determine z(c).
4
Let q(o) = o + 6. Suppose 4778*f - 4768*f = -120. Calculate q(f).
-6
Let l(b) be the third derivative of -b**5/6 + b**4/6 - 2*b**3/3 - 18*b**2 - 3. Give l(2).
-36
Let l(o) = -3*o + 17. Let i be (144/720)/(2/110). Give l(i).
-16
Suppose -10 + 1 = -3*s. Let p(b) = 4 + b**s + 4*b**2 - 1 - 5 + 0. Determine p(-2).
6
Let x(u) be the first derivative of 0*u**2 + 2*u + 5 - 2/3*u**3. Let g(a) = a**2 + 3*a + 2. Let b be g(-3). Calculate x(b).
-6
Let h(v) be the second derivative of -v**6/360 + v**5/24 - v**4/6 + 11*v**3/6 - 11*v. Let n(z) be the second derivative of h(z). What is n(4)?
0
Let t be 12/(-5)*-1*(-600)/(-45). Suppose 5*g = y - t, 4*y - 7*y = -2*g - 18. Let w(q) = -q**3 - 5*q**2 + 6*q + 4. Determine w(g).
4
Let x(d) be the second derivative of d**5/20 + d**4/24 + d**3/6 + d. Let y(c) be the second derivative of x(c). Let z be (330/11)/5 - 3. Determine y(z).
19
Let v be (-4)/8*(-10)/(-1). Let l(h) = -2*h - 2. Let b be l(-1). Let w(p) = b*p**2 + 7*p + p**2 - p. Give w(v).
-5
Let z(v) = -v**2 - 3*v - 3. Suppose 3*w + 10 = 46. Suppose -5*i = -w + 22. What is z(i)?
-1
Let g be (2 - 1)*2 - -1. Let q = 98 - 93. Suppose z - 2*v - q = 0, 2*z + 1 = g*z - v. Let d(c) = c**3 + 2*c**2 - 3*c + 3. Determine d(z).
3
Let x = 510 - 515. Let p(f) = -f**2 - 2*f. Calculate p(x).
-15
Let q(s) be the second derivative of s**5/20 - s**4/6 - 3*s**3 + 9*s**2/2 - 7*s + 5. Calculate q(5).
-6
Let m(d) = -11*d + 9. Let r(o) = -9*o + 8. Let j be ((-6)/(-4))/(15/50). Let g(a) = j*m(a) - 6*r(a). Calculate g(3).
-6
Let i be (-13)/(-13)*22/(-2). Let x(m) = -m**3 - 11*m**2 + m + 10. Determine x(i).
-1
Let c(d) = -d**2 + 3*d - 1. Let r(j) = 2*j**2 - 1. Let s be r(-1). What is c(s)?
1
Let y(c) = -c**2 + 9*c - 4. Let k be y(5). Let n = 16 - k. Suppose n = 5*d + 5*q - 16 + 51, 2*q = -10. Let w(a) = 2*a**2 + 4*a + 2. What is w(d)?
2
Let p(l) = l. Let q(i) = 5*i. Suppose 5*r = 8*r - 33. Suppose 3*s + 11 = 2*w, 5*w = w - 5*s - r. Let d(o) = w*q(o) - 4*p(o). Determine d(5).
5
Let b(g) = g + 6. Suppose v = -4*v - 35. Let i be b(v). Let t be (-42)/14*(-1)/i. Let n(c) = -c - 3. Determine n(t).
0
Suppose -5*v = 4*t + 24, 6*v = 2*v - t - 28. Let l(g) = -g - 2. Let s be l(v). Let j(h) = -2*h + 8. Calculate j(s).
-4
Let s(w) be the second derivative of -w**4/12 + 2*w**3/3 + w**2/2 + 2*w. Suppose 11*b - 12 = 54. Let r be (-46)/(-14) - b/21. What is s(r)?
4
Let b(y) = 2*y + 2953 + 0*y - 2941. Give b(-5).
2
Suppose 0 = 20*i + 9*i + 58. Let f(v) = v**3 + 3*v**2 + 4*v - 1. Determine f(i).
-5
Let g(v) = 0 + 0*v + v + 6 - v - 2*v. Give g(4).
-2
Let m be 6 + -2 + -2 + 0. Let s(o) = -6*o + 7*o**2 - 17*o**m - 3 + 9*o**2. Calculate s(-4).
5
Let b = 1375 - 1366. Let n(r) be the second derivative of r**3 + 1/2*r**2 + b*r + 0. Give n(-2).
-11
Let c(p) = -p**3 - 11*p**2 - 11*p - 6. Let h be c(-10). Suppose -6*s - 30 = h*s. Let m(v) = -v**3 - 4*v**2 - 3*v + 4. Give m(s).
4
Suppose 1 = m + 3. Let x be 36/8 - m/(-4). Let f(h) = 5*h + 2*h**2 - 12*h + h**3 + x + 5*h. What is f(-3)?
1
Let q be -1*5*(-8)/10. Let j(s) be the second derivative of -5*s**3/6 + 3*s**2/2 + 4489*s. Give j(q).
-17
Let j(m) be the second derivative of -1/3*m**3 + 5/2*m**2 + 1/20*m**5 - 10*m + 0 + 1/4*m**4. Calculate j(-4).
-3
Let z(u) = u**2 - 5*u - 16. Let l(s) = 1. Let a(c) = 3*l(c) - z(c). Calculate a(8).
-5
Let l(z) = z**2 + 9*z - 4. Let u = -56 + 61. Let y be (-9)/(15/u - 2). Calculate l(y).
-4
Let s(d) be the third derivative of d**5/30 - 23*d**4/24 - 7*d**3/3 - 19*d**2. Calculate s(12).
-2
Suppose 3*b - 7*b - 148 = 0. Let p = 25 + b. Let c = 16 + p. Let s(j) = j**2 - 3*j - 5. Determine s(c).
-1
Let j(u) = -2*u**2 + 3*u - 3. Let t = -1147 + 1152. What is j(t)?
-38
Let i(k) = k**2 - 10*k - 16. Suppose 0 = v - 6 - 2. Let h be (-176)/v*(-1)/2. What is i(h)?
-5
Let z(c) = -c**2 + 5*c + 4. Let n(i) = -i**3 - 4*i - 11. Let g be n(-2). Suppose -5*k + a + 33 = 0, 0*a = 2*k - g*a - 27. What is z(k)?
-2
Let y = 25 - 19. Let m(n) = n + 9*n**2 + 0*n + y - 8*n**2. Give m(0).
6
Let p(j) = -j**3 - 11*j**2 + 19*j - 87. Let v be p(-13). Let x(s) = -4*s + 24. Determine x(v).
8
Let q be ((-24)/(-42))/((-2)/(-7)). Let j(c) = c**2 + 2*c. Let a(o) = o**2 + 4*o - 1. Let t(u) = q*j(u) - a(u). Suppose 4 = -3*n + n. Determine t(n).
5
Suppose -31*q + 26*q - 140 = 5*s, 3*q - s + 64 = 0. Let j(r) = -r**3 - 22*r**2 + 21*r - 42. Calculate j(q).
4
Let d(y) be the second derivative of -y**3/6 - y**2/2 - 6*y. Let v(x) = 4*x + 1. Let t(b) = 3*d(b) + v(b). Give t(3).
1
Let w(d) = 12*d. Suppose -3*s = -u + 16, 8*u - 13 = 5*u + 2*s. Determine w(u).
12
Let w(j) = j**3 + 52*j**2 - 56*j - 157. Let o be w(-53). Let s(r) be the first derivative of 7 + 0*r**3 - r**o - 1/4*r**4 + 0*r. Calculate s(-2).
12
Let l(i) be the second derivative of 5*i**4/6 + i**2/2 + 4*i + 35. Calculate l(-1).
11
Suppose -3*s - 2*s + 3*p - 23 = 0, -12 = 2*s - 4*p. Let i be (-1)/s + 147/(-28). Let t(l) = -9*l + 0*l - 4 - 3*l**2 + 2*l**2. What is t(i)?
16
Let k(l) = -l**2 - 8*l - 9. Let o be k(-7). Let r(u) = u**2 - 4*u + 13. Let w(d) = d**2 - 3*d + 10. Let z(g) = -3*r(g) + 4*w(g). What is z(o)?
5
Let f = -808 + 804. Let t = -2 - -4. Let u(g) = -3*g**2 + 4*g**2 + 0*g + 4*g + t. Calculate u(f).
2
Let w(v) = -30*v. Suppose -69 = -5*p + 3*q, 2*p + 5*q - 36 = 4. Let o(t) = -t. Let z(h) = p*o(h) - w(h). Calculate z(-1).
-15
Let i(j) be the second derivative of -18*j + 0 + 0*j**4 + 17/20*j**5 + 0*j**3 + 1/2*j**2. Give i(1).
18
Suppose -3*t = -2*o - 5, 3*t - 69 = -4*o - 52. Let b(c) = 8*c**2 - c - 1. Determine b(o).
29
Let f(d) be the second derivative of d**4/12 - 3*d**3/2 + 15*d**2/2 + d + 66. Determine f(7).
1
Suppose -297 = 3*p - r, -5*r + 3 = -12. Let d = 94 + p. Let b(v) = v**2 + 2*v - 5. What is b(d)?
3
Let j(u) = 29*u + 901. Let r be j(-31). Let d(y) = -y - 2. Let w be d(-5). Let x(n) = w*n - 7*n + 0*n. Give x(r).
-8
Let t(q) = -8*q - 7. Let r(u) = -25*u - 19. Let f(i) = 3*r(i) - 8*t(i). Calculate f(-2).
21
Let t be (-11)/(-2) + -1*1/2. Suppose 5*v - s = 2*v - 11, t*v - 2*s + 17 = 0. Let n(d) = d**3 + 5*d**2 - d - 7. What is n(v)?
-2
Let y(i) be the first derivative of -i**2/2 + 3*i - 5. Suppose 4*q = 2*b, 5*q = 2*b - 4*b. What is y(q)?
3
Let b(z) = -z**2 + 6*z + 8. Suppose 28*c = 2*c + 156. What is b(c)?
8
Let p(q) = -122*q - 122*q + 360*q + q**2 - 19 - 113*q. Determine p(-8).
21
Let d(h) = 5*h**2 - 1. Let i = 9 - 7. Suppose 2*m + 3*m = a + 13, -i*m - 3*a - 5 = 0. Give d(m).
19
Let u(y) = 3*y - 2. Suppose 5*l = o + 26, 5*l - 2*o = -5*o + 22. Suppose -r - 2*r - 21 = -5*b, l*b - 4*r = 23. Determine u(b).
7
Suppose b + 16 = 5*b. Let w(x) = 2*x**2 - x - 3. Determine w(b).
25
Let k(r) = -r**2 + 4*r + 2. Let f(x) = x**3 - 12*x**2 + 14*x - 4. Let p be f(11). Let v = p - 29. Suppose 3*c = -2*b - v*b + 21, 0 = 2*c - 6. Calculate k(b).
-10
Suppose 0 = 4*j - 8. Let a(k) = -3*k + 5*k + 9*k**j + k - 8*k**2. Determine a(-4).
4
Let r be (-1022)/350 + 6/(-75). Let v(h) = -15*h + 2. Give v(r).
47
Suppose 0 = -20*t + 18*t - 14. Let c(j) = 4*j - 15*j**2 - 3 + 2*j + 16*j**2. Determine c(t).
4
Let s(o) = o**2 - 6*o + 1. Let f be 10/(-6)*(-15 - -12). Calculate s(f).
-4
Suppose 2*c - p - 60 = 0, c - 60 = -c - p. Suppose 6*z + 6 = c. Let f(r) = r**3 - 5*r**2 + 6*r - 1. What is f(z)?
7
Let c(z) = 10*z + 20. Let i be c(-2). Let v(t) = t**2 + 3*t. Give v(i).
0
Suppose -k = 2*c - 8, -6*c + 7*c - 2*k - 14 = 0. Let h(n) = 2*n**2 - 8*n. What is h(c)?
24
Let y(c